3
Let d(b) be the first derivative of 2*b**2 + 3*b - 3. Let h be d(-2). Let l = h - -7. List the prime factors of l.
2
Suppose 5*f - 4 = 161. Let a = f + -13. What are the prime factors of a?
2, 5
Suppose 0 = -t - 0 + 4. Suppose t*f - 16 = 0, c + f = -0*f + 17. List the prime factors of c.
13
Suppose -5*q + 4*q - 11 = 0. Let a = 18 + q. List the prime factors of a.
7
Let m(w) = w**3 + 13*w**2 - 21*w - 21. Let z be m(-14). What are the prime factors of z/3 - (-5)/15?
2, 13
Suppose 325 = j + 2*j + o, 2*o = -j + 115. What are the prime factors of j?
107
Let h(r) = r**3 - r**2 - r + 3. Let q be (-1 - -1)/(1 - 0). Let v be h(q). Suppose v*y - 6*y + 32 = -a, 4*a - 59 = -5*y. What are the prime factors of y?
11
Let q(l) = -l**2 - 3*l + 4. Let p be q(-4). Suppose p = 4*y - 2*y - 32. List the prime factors of y.
2
Let d = 1 - 7. Let q be 0/(d/(-2 + 5)). Suppose -3*m = 3*l - 7*m - 44, q = -5*l - 3*m + 54. What are the prime factors of l?
2, 3
Let r(g) = -g**2 + 7*g + 8. Let k(c) = c**2 - 7*c - 8. Let p(f) = -5*k(f) - 4*r(f). Let j be p(8). Suppose -m - 3*m + 40 = j. List the prime factors of m.
2, 5
Let m be (-8)/40 - (-1)/5. Suppose -u - 14 = -3*u. Let y = u + m. List the prime factors of y.
7
Let j = -76 + 152. List the prime factors of j.
2, 19
What are the prime factors of (-2)/(3 - 120/39)?
2, 13
Let t be (-2)/(-5) + 8/5. Suppose 0 = -t*i + 6*i + 32. Let z = 17 + i. List the prime factors of z.
3
Suppose 10 = 3*f + 4. Let p(r) = -r**2 + 6 + 2*r**2 - 3 - 6*r - f*r. What are the prime factors of p(9)?
2, 3
Suppose 39 = 2*x - 61. Suppose w + w = x. What are the prime factors of w?
5
Let u(z) be the first derivative of -z**4/4 + 7*z**3/3 - 7*z**2/2 - z + 4. What are the prime factors of u(5)?
2, 7
Let x = 82 - 54. List the prime factors of x.
2, 7
Suppose 0*x + 2*x = 206. Suppose -b + x = 2*l, -l + b + 74 = -3*b. List the prime factors of l.
2, 3
Let f(s) = 2*s**3 - 4*s**2 + 193. What are the prime factors of f(0)?
193
Let j be (6/3)/((-2)/(-5)). Suppose 5*f - 1 - 34 = 3*o, -3*f + 5*o = -j. Suppose -5*l - f - 34 = -3*a, -4*l + 24 = 5*a. What are the prime factors of a?
2
Let d = -50 + 100. What are the prime factors of d?
2, 5
Let o(p) = 5*p**2 + 3*p + 4. Let d(a) = -9*a**2 - 6*a - 8. Let u(h) = -4*d(h) - 7*o(h). Suppose 4*l - 12 = -28. List the prime factors of u(l).
2
Suppose -m - 8 = -5*m. Let v(r) = r**3 + r**2 - 2*r + 3. What are the prime factors of v(m)?
11
Let u(j) = 10*j - 8. Let m be u(11). Let x = m + -69. List the prime factors of x.
3, 11
Let g = -91 - -194. What are the prime factors of g?
103
Let g(j) = 1 - 2 - j**3 + 0 + 3*j**3 - j. Let w be g(-1). Let o(a) = -3*a**3 - 4*a**2 - 3*a. List the prime factors of o(w).
2, 7
Let s = -2 - -24. Suppose 0 = u - 0*u - 3. Suppose s = u*t - t. List the prime factors of t.
11
Let t(w) = 105*w**3 + w**2. Let i be t(1). Let a = -64 + i. List the prime factors of a.
2, 3, 7
Let c(f) = f**3 - 15*f**2 + 2*f - 12. Suppose 4*m - 91 = 2*o - 7*o, 3*m = 2*o - 18. List the prime factors of c(o).
2, 3
Suppose 5*z = 3*z + 4. Let n = 3 + z. What are the prime factors of (-64)/(-5) + 1/n?
13
Suppose w - 6 = 4*t - 14, -w = -3*t + 7. Let x be (-48)/(-5) - (-20)/50. Let z = t + x. List the prime factors of z.
11
Let r = 10 - 7. Let j be 0/(r + -2 - -2). Suppose -2*w - w + 33 = j. List the prime factors of w.
11
Suppose 0 = -i - 3*q + 8, i + 4*q = 9 - 0. Suppose -3*x + f + 3*f + 59 = 0, -4*x + 77 = -5*f. Suppose -2 = -i*z + x. What are the prime factors of z?
3
Suppose 11 = -y - 4*d, 10 = -2*y - 0*d - 5*d. Suppose 5*b = 104 - 9. Let u = b - y. What are the prime factors of u?
2, 7
Let a be ((-6)/9)/((-2)/39). Let z = a - -3. List the prime factors of z.
2
Let n = 36 - 51. Suppose -b = -4 + 11. Let v = b - n. What are the prime factors of v?
2
Let k = 309 + -157. List the prime factors of k.
2, 19
Suppose -9*w + 4*w + 10 = 0. List the prime factors of (-4*5/w)/(-2).
5
Suppose 0 = -0*c - c + 3. Let f(p) = 3*p - 3. List the prime factors of f(c).
2, 3
Suppose 0 = m - 19 - 3. List the prime factors of m.
2, 11
Suppose 4*n = 4*q - 76, -n - 2*n = -q + 47. Suppose -368 = -3*k - k + 4*f, -4*f - 459 = -5*k. What are the prime factors of (-1 + -1)*k/n?
13
Suppose k = 4*k - 66. What are the prime factors of 1/(2 + (-42)/k)?
11
List the prime factors of 182/(5/(-25)*-5).
2, 7, 13
Let d(a) = a**3 - 5*a**2 + 17*a - 3. What are the prime factors of d(7)?
2, 107
Let q(g) = -g**3 - g**2 + g + 13. What are the prime factors of q(0)?
13
Suppose -l = 2*l - 12. Let a be (-724)/(-18) - l/18. Suppose -4*x - 9 = -3*g, 2*g - a = -2*g - 4*x. What are the prime factors of g?
7
Let z = -3 + 11. Let t be 9/12 + 2/z. What are the prime factors of 43/6 - t/6?
7
What are the prime factors of 16 + 1*(-12)/4?
13
Suppose 0 = -2*r + 4*p + 176, 5*p - 308 = -4*r + 2*p. What are the prime factors of r?
2, 5
Let z(h) = h + h - 3 + 0*h. What are the prime factors of z(6)?
3
Suppose 3*v = -2*v + 20. Suppose -m = 2 - v. Suppose 31 = m*d - 15. List the prime factors of d.
23
Let f = -70 - -135. List the prime factors of f.
5, 13
Suppose 4*h + 29 = -h + i, 4*h + 4*i = -4. Let j(d) = 2*d**2 + 6*d + 3. Let f be j(h). What are the prime factors of 6/15 - f/(-5)?
5
Let o(l) = l**2 + 10*l - 13. Let q be o(-11). Let z(m) = -7*m + 2. What are the prime factors of z(q)?
2
Let t(g) = -g. Let s(x) = x**2 + 5*x - 2. Let f(b) = -s(b) - 2*t(b). Let n(v) be the first derivative of f(v). List the prime factors of n(-6).
3
Suppose 0*s = -2*s + 214. List the prime factors of s.
107
Let s(y) = 2*y**2 - 2*y**2 + 2*y**2 - y. Let h be 5/(-4) + (-1)/(-4). What are the prime factors of s(h)?
3
Let c(x) be the first derivative of -x**3/3 + 9*x**2/2 - 4*x + 4. What are the prime factors of c(4)?
2
Suppose 2*m = m + 3, -2*d = 2*m - 154. List the prime factors of d.
2, 37
Suppose l + 28 = 5*l. Let s = -5 + l. What are the prime factors of 1/s*2*5?
5
Let u(i) = 7*i**2 - 4*i + 1. List the prime factors of u(-5).
2, 7
Let h(i) = -i**3 - 3*i**2 - 2*i. Let k be h(-2). Let j(o) = 4*o**2 - o - 1. Let v be j(-1). Suppose k = v*z - 19 - 13. List the prime factors of z.
2
Suppose 0 - 2 = 2*b, 32 = r + b. Let j = 66 - r. What are the prime factors of j?
3, 11
Let k(z) = -z**3 + z**2 - z - 1. Let s be k(0). Let q = 0 - s. Suppose -q = -t + 2. What are the prime factors of t?
3
Let i be (-2)/4 - (-15)/(-2). Let y(o) be the first derivative of o**4/4 + 8*o**3/3 - o**2/2 - 5*o + 2. List the prime factors of y(i).
3
Let a(m) = -m**2 - 6*m + 3. Suppose -2*g + 10 = -0*f + 4*f, -3*g = 4*f - 7. What are the prime factors of a(g)?
2, 3
Let k(b) = b + 7*b**3 - b**2 + 0*b**2 + 2 - 3. Let v be k(1). Suppose 4*o - 4*z - 20 = -v*z, 0 = 5*z + 10. What are the prime factors of o?
2, 3
Suppose 0 = 4*l + 2*n - 11 - 11, -l + 4*n + 10 = 0. List the prime factors of l.
2, 3
Let k(r) = r - 11. Let w be k(12). List the prime factors of (13/3)/(w/3).
13
Let c be (0 + 1)*(0 - -10). Suppose 0 = 5*h - 0*h - c, 2*o + 3*h - 108 = 0. List the prime factors of o.
3, 17
Suppose 2*q = -3*q + 155. Suppose 0 = -5*w + 3*l - l + q, 4*l = 2*w - 6. List the prime factors of w.
7
Let c(n) = n - 12. List the prime factors of c(14).
2
Let y be (2/4)/(7/42). Suppose 0 = t + y*l, -t + 10 = -4*l + 5*l. List the prime factors of t.
3, 5
Let p(h) = h**3 - h**2 - h + 1. Let w be p(1). Suppose w = -j + 7 - 4. Let l = 4 + j. What are the prime factors of l?
7
Suppose -2*a + 547 = -o, -118 - 670 = -3*a - 5*o. What are the prime factors of a?
271
Let o be 1*63 - -1 - -1. Suppose 75 = 5*k - o. Suppose 2*c + 2*g - 12 = 4, 4*c = -5*g + k. List the prime factors of c.
2, 3
Let k(r) = -2*r + 2*r - 2*r**2 - 3*r**2. Let f be k(-1). Let j(d) = -2*d - 1. List the prime factors of j(f).
3
Let f(p) be the third derivative of 0*p + p**2 + 0 + 1/24*p**4 - 1/20*p**6 + 1/6*p**3 + 1/60*p**5. List the prime factors of f(-1).
7
Suppose -w + 0*w - 7 = -5*y, 0 = -2*y - 5*w + 19. Suppose 4*r + 6*d - y*d - 132 = 0, -5*r - 2*d + 156 = 0. What are the prime factors of r?
2, 3, 5
Suppose 4*c = -5 + 25. Let f = 5 - c. What are the prime factors of 7 + (-1)/2*f?
7
Suppose -n - 3*j + 318 = 0, -1600 = -5*n - 0*j - 5*j. What are the prime factors of n?
3, 107
Let i(k) = -k**2 + 5*k + 8. Let d be i(6). Suppose s - 2*s = -d. List the prime factors of 4/(-4) + 32/s.
3, 5
Suppose